*r. What is the tens digit of q(11)?
7
Let y = -3378 - -1898. Let m be 2/7 + y/(-14). Suppose 0 = 4*c - 2*c - m. What is the tens digit of c?
5
Suppose -2*d - 6*m = -4*m - 32, -4*d + 5*m + 28 = 0. Let u(j) = j - 12. Let a be u(d). Suppose 3*n + n - 16 = a. What is the units digit of n?
4
Suppose 279 = 4*d - 177. Suppose 5 = -a + 2*a, s - a = d. What is the units digit of s?
9
Let p(y) = 103*y**3 - y**2 + 2. Let t be p(-1). Let g = t - -282. What is the hundreds digit of g?
1
Suppose x + 211 = 3*s, -4*s - 4*x = -5*s + 85. Let l = 9 + -40. Let h = s + l. What is the units digit of h?
8
Let d be -3 - (-22 + -1) - 2. What is the units digit of (-6)/d*(-66 - 0)?
2
Suppose -9 = 2*b - h - 34, -2*b - 2*h + 40 = 0. Suppose 11*v = b*v - 516. What is the units digit of v?
9
Suppose 0 = 3*u - 4*u + 2*k + 9, 0 = -k - 5. Let y(a) = 45*a**2 - 2*a - 1. What is the units digit of y(u)?
6
Let b = -94 + 95. What is the tens digit of (4 - (-1 - b))/((-54)/(-180))?
2
Let d(f) = f**2 - 1. Let y(j) = -4*j**2 + 6*j + 8. Let k(l) = d(l) + y(l). Let z(t) be the first derivative of k(t). What is the units digit of z(-5)?
6
Suppose 18*d = 13*d + 430. Let f = -38 + d. What is the units digit of f?
8
Let z be (-18)/3*1 - 0. Let x = 16 - 6. Let s = z + x. What is the units digit of s?
4
Let r = 340 + -133. Suppose -11*j + r = -8*j. What is the units digit of j?
9
Let u(i) = 16*i**2 + 3*i - 1. Suppose 0 = 2*w + 2*h + 3*h - 29, 3*h - 19 = -2*w. What is the units digit of u(w)?
9
Suppose -5*g + 16407 = -5*v + 17, -2*g + v = -6559. What is the units digit of g?
1
Let l(o) = 6*o + 60. Let g be l(-18). Let j = g + 107. What is the tens digit of j?
5
Suppose 3009 = 9*l - 9222. What is the units digit of l?
9
Let a(b) = 271*b - 168. What is the thousands digit of a(6)?
1
Let x(a) = -3*a + a**3 - 2*a**3 + 314 + 6*a**2 - 300. Let t be x(6). What is the tens digit of 5*(t - 132/(-10))?
4
What is the units digit of 24/(-15)*-366 + (-22)/(-55)?
6
Suppose 0*a = -a - 5*f + 16, -3*f = 3*a - 24. Suppose 391 = a*k - 473. What is the hundreds digit of k?
1
Let v = -516 - -1023. What is the units digit of v?
7
Let u = -54 + -11. Let s = u - -101. What is the units digit of s?
6
Suppose 0 = -3*o - 2*o - d - 44, -3*d = 2*o + 28. Let q be o/(-2) + -1 + 34. Let j = q + -4. What is the tens digit of j?
3
Let n be 28/210 - (-806)/30. What is the units digit of n/(-45) + 13/5?
2
Let g(l) = l**3 - 9*l**2 + 3*l + 3. Let n be g(9). Suppose -2*x + n = -x. Let s = 49 - x. What is the units digit of s?
9
Suppose 11*l + 455 = 6*l. Let u = l + 153. What is the units digit of u?
2
Suppose j + 62 = 4*t, 3*j + t = -4*t - 101. Let x = j + 93. What is the tens digit of x?
5
Suppose -3*q = 30*x - 34*x + 3047, 0 = -3*x + q + 2284. What is the hundreds digit of x?
7
Suppose 17*u - 12*u - 5 = 0. Let f be (-12)/(-6) - (14 - 2). What is the units digit of (u - -1)/(f/(-20))?
4
Let c be (2/(-6))/((-2)/102). Suppose 6*x = x + 10. Suppose -p + 7 = h, -x*h - c = -h - 5*p. What is the units digit of h?
3
Let h(a) = 834*a**2 + 10*a - 8. What is the units digit of h(1)?
6
Let y = 1583 - -1721. What is the thousands digit of y?
3
Suppose 369 = 4*c - 5*o, c - 89 = 2*o - 4*o. Suppose -4*m - 929 - c = 0. What is the tens digit of m/(-10) + (-2)/(-4)?
2
Suppose 2*y - t - 255 = 0, 3*t = 4*y + 4*t - 519. What is the units digit of y?
9
Suppose -3*m = -9, -5*d + 3*d - m + 807 = 0. What is the tens digit of d?
0
Suppose 3*z - 4*w = -3*w + 3961, 0 = -5*z + w + 6601. What is the units digit of z?
0
Suppose 5973 = 17*y + 6. What is the hundreds digit of y?
3
Suppose -2*t - 4*p = -1502, t - 731 = 5*p - 3*p. What is the units digit of t?
1
Suppose 5*h - 2305 = -5*r, 10*h + 2*r - 1384 = 7*h. What is the hundreds digit of h?
4
Let y = -2435 + 3559. What is the units digit of y?
4
Suppose -44 = -5*g - 24. Suppose -g*q + 91 = 3*q. What is the units digit of q?
3
Suppose -2*r - 24 = -8. Let i(j) = -2*j**3 - 15*j**2 + 5*j + 3. What is the tens digit of i(r)?
2
Let v = -34 - 12. Let j = v - -97. Suppose 89 + j = 5*u. What is the tens digit of u?
2
Let h be 7/2 + -1 + (-1)/(-2). Suppose -h*j = -4*a - 56 + 182, -2*a = -j - 64. What is the units digit of a?
3
Suppose 0 = 4*h + r - 1945, 3*r = -r + 4. What is the tens digit of h?
8
Suppose 66 = m - 4*v - 82, 3*m + 4*v - 364 = 0. What is the units digit of m?
8
What is the units digit of 515240/380 + 4/38?
6
Let o(a) be the first derivative of a**4/4 - 8*a**3/3 + 5*a**2/2 + 6*a - 3. Let n be o(7). What is the units digit of (16/(-6))/(n/48)?
6
Let s be 1/3 - 12/90*-5. Suppose -p + 0*p + s = 0. What is the units digit of p?
1
What is the thousands digit of ((-1842)/15)/(147/75 - 2)?
3
Let v = 590 - 266. What is the units digit of v?
4
What is the tens digit of 330 + 5 - (-1 + 8/(-2))?
4
Let k = 248 + -406. Let g = -107 - k. What is the tens digit of g?
5
Let q be 5 + 385 - 4/(-2). Suppose 2*w - q = 2*g, 3*g + 12 = -g. What is the tens digit of w?
9
Suppose 4*j + 2*j + 18 = 0. Let b = j - -6. Suppose b*p + 2*k - 64 = 4*k, 4*p + 4*k = 52. What is the units digit of p?
8
Let y be (-1 - (24 - 12/3)) + 4. Let f = y + 32. What is the tens digit of f?
1
Suppose -1 = -2*j + j, j - 3956 = -5*d. What is the tens digit of d?
9
Suppose -15 = 7*p + 20. Let d(q) = -4*q + 1. What is the tens digit of d(p)?
2
Let b(v) = -13*v - 9. Let u be b(-7). Let d be 0 - (-5)/((-20)/184). Let h = u + d. What is the units digit of h?
6
Suppose 58*b = 56*b + 332. What is the units digit of b?
6
Suppose -12 + 54 = -f. Let b = f + 82. What is the units digit of b?
0
Let l be (-1)/(-2)*(-1 + 1). Suppose -2*x = 5*c + 17, -4*c - 12 + 0 = l. What is the units digit of (273/(-14))/(x/2)?
9
Let x be (7/((-140)/24))/((-1)/5). Suppose -11*c + x*c = -505. What is the tens digit of c?
0
Let c = 235 + -169. What is the units digit of c?
6
Suppose -545 = -3*i + 358. Suppose -7*g + i = 35. What is the units digit of g?
8
Suppose -4*r = -f - 2934, -35*f + 36*f = -2. What is the units digit of r?
3
Let c(j) = -j**3 + 6*j**2 - 3*j + 2. Let s be c(5). Let p(o) = o - s - 3*o + 20. What is the tens digit of p(-9)?
2
Let f = -23 - -26. Suppose -3*y + 293 = 4*l, f*l = y + 38 - 153. What is the hundreds digit of y?
1
Let f(b) = -29*b**3 - b**2 + 2*b. Let w be (368/(-40) - -9) + (-9)/5. What is the hundreds digit of f(w)?
2
Suppose 0 = 3*j + 5*g - 16, -4*g + 4 = j + 1. Suppose 0 = -q - 5*v + 68, -2*v = 3*q - q - 136. Suppose -j*d + 3*d + q = 0. What is the units digit of d?
7
Let g(m) = m**2 - m - 5. Let j be (1/(-3))/(2/(-30)). Let t = j + -1. What is the units digit of g(t)?
7
Let c(l) = l**3 - 4*l**2 - 12*l + 15. Let j be c(7). Suppose y = 7*y - j. What is the units digit of (1 - -1) + (y - -4)?
9
Let k(l) = 22*l**3 - l**2 - 4*l + 10. What is the units digit of k(2)?
4
Let i be 23/5 - 4 - 21657/(-5). What is the units digit of i/30 + (-4)/10?
4
Let w = 4403 - 1655. What is the units digit of w?
8
Let s(y) = y**3 - 35*y + 60*y + 16*y**2 + 15 - 35*y - 2*y**3. What is the tens digit of s(15)?
9
Let h = 201 + 66. What is the hundreds digit of h?
2
Let a(c) = -13*c**3 - 2*c**2 - 3*c**2 - 3*c**3 + 18*c**3 - 16*c. What is the tens digit of a(6)?
5
Let f = 8114 - 2352. What is the hundreds digit of f?
7
Suppose -3*u + u + 5*p + 131 = 0, -4*p + 162 = 3*u. Let f = 152 - u. What is the tens digit of f?
9
Suppose 5*t + 3*l - 2*l = 6887, 2*t - 2*l = 2762. What is the tens digit of t?
7
Suppose 9*p - 14*p = 50. Let m = p - -31. What is the tens digit of m?
2
Let g(v) = 427*v**2 + v + 1. What is the tens digit of g(1)?
2
What is the hundreds digit of (-179094)/(-190) - (1 - 7/5)?
9
Suppose 2*j + 10536 = 2*i, -10527 = -2*i - 6*j + 11*j. What is the thousands digit of i?
5
Suppose -19*q + 17*q = -36. Let p = q + 39. What is the tens digit of p?
5
Let v(u) = 0*u + 10 - 5*u + 4*u. What is the units digit of v(8)?
2
Suppose 1761 = 22*b + 419. What is the units digit of b?
1
Let g = 255 + 390. What is the units digit of g?
5
Suppose -2*b - 4*n + 1580 = 0, -n - 42 = -43. What is the tens digit of b?
8
Let t(j) = 259*j**2 - 2*j - 12. Let m be t(-4). What is the tens digit of (-15)/20 - m/(-16) - 4?
5
Let a(u) = -3*u + 3. Let t be a(-3). What is the tens digit of 20 + 3*t/(-9)?
1
Suppose 3*i - s + 26 - 3992 = 0, 0 = 4*s + 12. What is the thousands digit of i?
1
Suppose 5*